+ 6. Let i(x) = 2*p(x) - 11*z(x). What is the tens digit of i(-4)?
4
Suppose 0*c = 3*k + c - 25, 0 = -k - 4*c + 1. Suppose -1 - k = -o. What is the units digit of o?
0
Suppose d = -3*r + 138, -5*d - 2*r + 6*r + 766 = 0. What is the units digit of d?
0
Let i(j) be the second derivative of j**3/6 + 4*j**2 + 3*j. What is the units digit of i(-6)?
2
What is the units digit of (-4 - -13)/((-6)/(-150))?
5
Let t(s) = -s**2 + 14*s - 14. What is the units digit of t(11)?
9
Let h(f) = 26*f**3 - f**2 + f. What is the tens digit of h(1)?
2
Let l be 8 + (-3 - 0) - -2. Suppose 2*d - 3*d = -l. What is the units digit of d?
7
Let p(q) be the first derivative of q**2/2 + q - 2. What is the units digit of p(2)?
3
Suppose f + 5 = -m, 0 = -4*f - m + 2*m. Let u = f + 18. What is the tens digit of u?
1
Let o be 2/3 + 4/(-6). Suppose o = -3*t + t + 4. Suppose t*u - 10 = -5*g - 3*u, 4*u = 3*g - 34. What is the units digit of g?
6
Let d be (-2)/(7/(-3) + 2). What is the units digit of 3/6 - (-75)/d?
3
Suppose 49 = 37*d - 36*d. What is the units digit of d?
9
Let a = 13 + -13. Suppose -4*j + 32 = -w, 4*w + 29 = 5*j - a*w. What is the units digit of j?
9
Let s = 8 + -3. Let h be (23/5)/(1/5). Suppose -5*w + h + 2 = 0, -s = 5*g - 3*w. What is the units digit of g?
2
What is the units digit of (-1 - (4 - 3))*-1?
2
Let v be (-6)/(-10) - 2/(-5). Suppose -4*k = -66 + 26. What is the units digit of (-1 - v) + k - 3?
5
Let q(c) = 2*c + 2. Suppose 10 = -2*y, -o - 4*y + 8*y + 30 = 0. What is the units digit of q(o)?
2
Let c be (-10)/(-40) - (-130)/(-8). Let g(q) = -q**2 - 19*q - 22. What is the tens digit of g(c)?
2
Suppose 3*z + 15 = 153. Suppose 4*h = 4*q - 44, 0 = -5*q + 2*h - 3 + z. What is the units digit of q?
7
Let r(k) = 3*k**2 + 3*k. Suppose -3*c = -0*c - 9. Suppose 0 = -2*j - 8*m + 3*m + 11, 9 = c*m. What is the units digit of r(j)?
6
What is the tens digit of -2*(-3)/(30/125)?
2
Let c(t) = t**3 + 6*t**2 - 6*t + 8. Let k be c(-7). Let g(a) be the first derivative of 7*a**4/4 - 2*a**3/3 + a**2 - a + 2. What is the units digit of g(k)?
6
Suppose 262 = -5*a + 1522. What is the hundreds digit of a?
2
What is the tens digit of -76*(15/6)/(-5)?
3
Let l(a) = a - 2. Let o be l(7). What is the units digit of (2/o)/((-4)/(-60))?
6
Let u = -1 + 0. What is the units digit of 2 + -6*u/2?
5
Suppose 5*y - 10 = 3*y. Suppose 15 = -g + y. What is the units digit of ((-5)/g)/(1/12)?
6
Let x be (-2 + -1)/(-3) - 2. Let g(l) = 6*l**2 + l + 1. Let z be g(x). What is the units digit of z*(-1)/(-1) - -2?
8
Let a(u) = -5 + 2*u - u + 1 + 0*u. What is the units digit of a(5)?
1
Let b = -7 + 3. Let x be (6/8)/((-1)/b). What is the units digit of (8/x)/(8/12)?
4
Let y(x) = x**3 - 4*x**2 + x + 6. Let k be y(5). Suppose -k = -5*v + 29. What is the tens digit of v?
1
Let r be 297/15 - (-2)/10. Let w = r + -19. What is the units digit of w?
1
Let g = -33 + 56. Suppose u - 2*l - g = 0, -u - 15 = -l - 38. What is the tens digit of u?
2
What is the units digit of 15*(-3)/((-9)/20)?
0
Let y = 1 + 1. Suppose 3*u = -y*u. Suppose -4 + u = -w. What is the units digit of w?
4
Suppose 2*v + 7*q = 2*q + 30, q + 4 = 0. Suppose 3*h + 0*h + 4*b = v, 5*b = h - 40. What is the units digit of h/2*6/5?
9
Let d be 92/(-1 - (-2 - 0)). Suppose -d = -4*i - 0. What is the tens digit of i?
2
Suppose -4 = -0*r - r. Suppose -6*x + 4*d = -x - 185, x - 61 = -r*d. What is the tens digit of x?
4
Suppose 6*x = 2*x + 2*f - 18, 4*f = -3*x - 8. Let m(n) = n**3 - 5*n**2 - 7*n - 3. Let q be m(6). Let p = x - q. What is the units digit of p?
5
Let p(m) = -4*m**2 - 14*m + 2. Let l(j) = -3*j**2 - 13*j + 3. Let h(q) = -5*l(q) + 4*p(q). What is the tens digit of h(6)?
1
Suppose 3*l - 100 = -3*p + 101, 2*l = -p + 67. What is the tens digit of p?
6
Let t = -219 - -439. What is the tens digit of t?
2
Let q(o) = o**3 - o**2 + 2. Let n be q(0). Suppose 2*k = 5*h - 4, k - 11 = -h - n*k. Let i(b) = b**3 + 3*b**2 - 4*b + 2. What is the units digit of i(h)?
4
What is the tens digit of 17*-4*2/(-4)?
3
Let u(n) = -2*n + 2. Let h(m) = -m**3 + 4*m**2 - 3*m. Let o be h(2). Let a be u(o). What is the units digit of (-2)/(-4) - 17/a?
9
Suppose 14*p = p + 221. What is the tens digit of p?
1
What is the hundreds digit of 2*((-3582)/(-12))/3?
1
Let f = -4 - -32. What is the tens digit of f?
2
Suppose 4*q + 482 = 2*r, -5*q - 242 = 2*r + 374. Let h = 174 + q. What is the units digit of h?
2
What is the hundreds digit of (-7030)/(-55) + (-2)/(-11)?
1
Let g = -2 + 6. Suppose 2 = c, g*a + 2*c - 27 = 21. What is the units digit of a?
1
Let q(u) = u**2 - 5*u + 4. Let n be q(5). Suppose n*z = z + 3. What is the units digit of z?
1
Suppose 2*c = -5*z + 23, 2*c + z - 5 = 2*z. What is the tens digit of (-5)/20 + 41/c?
1
Let d(j) = -j**3 - 8*j**2 - 9*j + 8. Let c be d(-7). Let q = 6 + c. What is the units digit of q?
8
Let k(w) = -w**3 + 6*w**2 + w - 5. Let x be k(6). Let q(y) = 28*y. What is the tens digit of q(x)?
2
Let w(c) = c**2 - 13*c. Let r be w(13). Suppose -3*h - 7*s + 40 = -2*s, 4*h = 4*s. Let k = r + h. What is the units digit of k?
5
Suppose -2*y - 2*g = 0, -2*y + 3*g = -0*g - 15. Suppose 5*i - 32 = y*i. What is the tens digit of i?
1
Let p = -10 - 5. Let z = -4 - p. What is the tens digit of z?
1
Let y(h) = -4*h**3 - 4*h**2 - 3*h - 1. Let m be y(-2). What is the units digit of (-3 + 0)*(-28)/m?
4
Let a be 28/126 - (-7)/9. What is the tens digit of 2/a*351/18?
3
What is the tens digit of ((-24)/(-20))/(-5*4/(-250))?
1
Let c be 11/((-2)/6*-3). Let k(t) = -t**2 + 4*t + 3. Let d be k(4). Suppose -3*i + d*y + 4 = -c, -55 = -3*i - 5*y. What is the units digit of i?
0
Suppose -73 = -4*v - 4*f + 3*f, 5*v - f - 89 = 0. Suppose v = -5*b + 2*b. What is the units digit of (7 + b)*(6 + 1)?
7
Let c = 422 + -240. What is the tens digit of c?
8
Suppose -3*r = -5*i - 75, 2*r = 5*i - 15 + 65. What is the units digit of r?
5
Suppose 4*g = 15 + 13. Let m(y) = 4 - y - 2 + 6. What is the units digit of m(g)?
1
Suppose 0 = -0*o + 4*o + 20. Let m(x) = -x**3 - 5*x**2 - 2*x - 3. Let z be m(o). Suppose -1 = -2*q + z. What is the units digit of q?
4
Let t(d) = d**2 + 3*d. Let m be t(-3). Suppose -v + m*v = 3, j - 3*v = 14. Suppose c = j + 4. What is the units digit of c?
9
Suppose -2*l + 747 = 3*t, 4*l + 2*t = -0*t + 1482. What is the units digit of l?
9
Let b(f) = f**3 - 3*f**2 - f + 3. Let h be b(3). Suppose h = x + x - 44. Let o = -14 + x. What is the units digit of o?
8
Let b = -7 + 9. Let z = b - -1. Suppose -5*u + z*f = f - 53, u + f = 5. What is the units digit of u?
9
Let x = 14 - 14. Suppose -4*i + x*i + 96 = 0. What is the tens digit of i?
2
What is the tens digit of (-26)/4*22/(-11)?
1
Let f be (-3 + 2)/((-1)/6). Let b = f - 1. What is the units digit of b?
5
Let o(i) be the second derivative of i**4/12 + 5*i**3/6 - 7*i**2/2 + 2*i. Suppose 0 = k + 11 - 4. What is the units digit of o(k)?
7
Suppose 177 = 5*c - 173. What is the units digit of c?
0
Let c(y) = -y**2 - 10*y - 3. Let r = 10 + -18. What is the units digit of c(r)?
3
Suppose j - 2*h = 3*h + 8, -4*j = -4*h + 16. Let z = j + 18. What is the tens digit of z?
1
Let l(d) = -6*d - 3. What is the units digit of l(-1)?
3
Let j(k) = -k**3 - 3*k**2 - 5*k - 1. What is the units digit of j(-2)?
5
Let w(d) = 5*d**3 + 2*d + 1. Let t be w(-1). Let h be 16/t*9/(-6). Suppose 7*i - h = 3*i. What is the units digit of i?
1
Suppose 28 = -h + i, 2*i - 12 = 5*i. Let u = h - -63. Suppose 3*r = -4*k + 22, -5*r + 0*k + u = k. What is the units digit of r?
6
Let s(x) = x**2 + 11*x + 12. What is the tens digit of s(-12)?
2
Let m(l) = -l - 4. Let g(f) = 3*f + 7. Let t(r) = 2*g(r) + 5*m(r). Let a be t(8). Suppose -n + a + 14 = 0. What is the tens digit of n?
1
Suppose -5*l = 5*p, 4*l + 1 = 3*p + 15. Suppose l*b - 4*b + 38 = 0. What is the units digit of b?
9
Let b = -7 + 5. Let h = 7 + b. What is the units digit of h?
5
Let g = -2 - -2. Suppose 0 = 4*h - g - 12. Suppose -h*z = -z - 6. What is the units digit of z?
3
Suppose -3*u + 270 = 60. What is the units digit of u?
0
Suppose -2*f + 2 = -0. Suppose -4*n + 13 = f. What is the units digit of n?
3
Let i be (-1 - -16)*24/60. Suppose 4*p - 2*w + i*w = 168, -p = 5*w - 58. What is the units digit of p?
8
Let x be 316/(-36) + 2/(-9). Let k = -16 - x. Let p(z) = -z + 1. What is the units digit of